2 + 6*u - 3. Give q(d).
-3
Let v(x) be the first derivative of -x**2 - 6*x + 17. Give v(-6).
6
Suppose 3*l = 4*n + 17, -3*l + 2*l - 2*n = 11. Let h(c) be the second derivative of 7*c**5/20 + c**4/6 - c**2/2 - c. Determine h(l).
-6
Let q(r) be the first derivative of 2*r**2 - 6*r - 4. Calculate q(4).
10
Let j(u) = 3*u**3 + 5*u**2 - 5*u - 4. Let k(b) = -9*b**3 - 14*b**2 + 14*b + 11. Let n(v) = 11*j(v) + 4*k(v). Determine n(-2).
18
Let d(k) = -k**2 + 6*k + 8. Let i be 7/1 - (-2)/(-2). Calculate d(i).
8
Suppose 4*o + 4 = -3*c, c + 2*o = -3*c - 2. Let d(k) = k**2 - k - 8. Give d(c).
-8
Let h(d) = 3*d - 3. Let w(i) = -i**3 - i + 2. Let j be w(0). Calculate h(j).
3
Let k(r) = -5*r - 5. Let q(t) = 4*t + 5. Let m(g) = -5*k(g) - 6*q(g). Calculate m(4).
-1
Let z(t) be the second derivative of -t**5/20 - 5*t**4/12 - 2*t**3/3 + 5*t**2/2 + 19*t. Determine z(-4).
5
Let t(g) = 2*g**3 + 1. Let m be ((-16)/56)/((-2)/7). Calculate t(m).
3
Let x(o) be the first derivative of -o**4/4 + o**3/3 - o**2 + o - 10. Calculate x(1).
-1
Let x = 9 - 7. Let d(b) = 1 - 4*b**2 + 2 + 2*b**x + b**2. What is d(3)?
-6
Let s(c) = -1 + 3*c - c**2 + 2 + 0*c**2 + 2. Let r = 22 + -17. Give s(r).
-7
Let q(l) = -3*l**3 + 4*l**2 - 32*l - 20. Let o(p) = -p**3 + p**2 - 11*p - 7. Let u(v) = -17*o(v) + 6*q(v). Calculate u(6).
5
Let l(n) be the third derivative of -n**7/840 - n**6/90 + n**5/24 + n**4/6 - n**3/3 - 2*n**2. Let v(u) be the first derivative of l(u). Calculate v(-5).
4
Let h(j) = -2*j + j + 0*j**2 - 1 + 0 + j**2 + 2*j**3. Give h(-1).
-1
Let d(t) = -1059 + 1044 - t**2 + t + 0*t**2. What is d(0)?
-15
Let i(b) = b**3 - b**2 - 3. Let l(r) = 5*r + 3. Let y be l(0). Give i(y).
15
Let z(j) be the third derivative of j**6/120 - j**5/60 + j**4/24 - 5*j**3/6 + 8*j**2. Give z(0).
-5
Suppose 4 - 8 = -j. Let o(q) be the third derivative of 0*q + 2*q**2 - 1/60*q**5 - 1/6*q**3 + 1/12*q**4 + 0. What is o(j)?
-9
Suppose 5*i - 32 = -7. Let s = i + -5. Let l(b) = 3*b + s*b**2 - 2*b**2 + 2 + b - 2*b. Calculate l(2).
-2
Let v(s) be the third derivative of s**6/120 - s**4/8 - s**3/2 - s**2. Suppose z + 3 = 2. Let i = z + -1. Calculate v(i).
-5
Let h(w) = -7 + 13 + 0*w + w - 1. Calculate h(4).
9
Let u(g) = g**2 + 3*g - 4. Let a(j) = j - 4. Let s be (-4)/2 - (-6 + 4). Let k be a(s). Determine u(k).
0
Let t(h) = 4*h - 1. Let r be (-1)/(-5) + 48/60. Determine t(r).
3
Let z(s) = -s**3 + 4*s**2 + 6*s - 3. Let o be 0/(-2 - (-4 + 1)). Suppose o = 2*v + 3*v. Let k be (v - (-1 + 0)) + 4. What is z(k)?
2
Let n(l) = -2*l + l**3 - 5*l**2 + 13 + 13 + 14 - 36. Let o be 76/6 - (-1)/3. Let g = -8 + o. Give n(g).
-6
Let b(x) = -6*x**2 + x - 32 + 33 + 13*x**2. Determine b(-1).
7
Let u be 6/15 - 3/(-5). Let d(h) be the first derivative of -7*h + u + 1/2*h**2. Give d(6).
-1
Let p(b) be the first derivative of b**2/2 - 2*b - 53. Calculate p(3).
1
Let z be ((-3)/5)/((-2)/10). Let g(b) = z + b**2 - 2*b**2 - b**2 + b**3 + 3*b**2. Suppose -x = -2*x. Calculate g(x).
3
Suppose 3 = -2*f + 15. Let v(b) = 5 + 6*b**2 + 0*b**2 - f - 2*b**2. Let c(w) = -w**3 + 2*w**2 + 3*w - 1. Let o be c(3). Give v(o).
3
Let p(k) = -k - 7. Let j be p(-11). Suppose -9 = q - j*q. Let a(s) = s**3 - s**2 - 5*s + 4. Give a(q).
7
Let k(w) be the second derivative of -w**4/12 - w**3/6 - w**2 - 2*w. Suppose 0 = 2*r + 4*y - 4, 3*y - 16 = 5*r - 0*r. What is k(r)?
-4
Let f(o) = 5*o**3 - 10*o**2 - 26*o + 26. Let r(l) = 5 - 5*l + 0*l**3 + 49*l**2 - 51*l**2 + l**3. Let k(s) = -2*f(s) + 11*r(s). Calculate k(2).
-3
Let b(x) = -2*x**3 - 2*x**2 - x - 1. Let h be b(-2). Let l = -3 + h. Let q(v) = -v**3 + 6*v**2 - 2*v + 5. What is q(l)?
-7
Let i(l) = -3 - 3*l - 526*l**2 + 3 + 525*l**2 + 3. Determine i(-3).
3
Let s(t) = 1 - 4*t**2 + 5*t**2 + 0 - t - 2*t**2. What is s(-2)?
-1
Suppose -z - 3 = 1. Let j(o) = o**3 - 1. Let r(d) = 3*d**3 - 3*d**2 + 2*d - 6. Let n(u) = z*j(u) + r(u). Determine n(-4).
6
Suppose 5*y + 40 = -45. Let l = y + 17. Let k(u) = u + 6. Calculate k(l).
6
Let d(k) be the third derivative of k**4/6 + 2*k**3/3 + 5*k**2. What is d(-4)?
-12
Let m(i) = 3*i - 6*i**2 + 3*i + 2 + 5*i**2. Calculate m(6).
2
Let k(z) be the first derivative of -4/3*z**3 + 3*z - 7/12*z**4 - 1/20*z**5 - 2 - 4*z**2. Let m(t) be the first derivative of k(t). Determine m(-6).
4
Let x(a) be the second derivative of a**4/12 - 7*a**3/6 + 3*a**2 - 2*a. Let i be x(6). Let u = i - -1. Let g(z) = -3*z - 1. Determine g(u).
-4
Let y(x) be the third derivative of -x**6/60 + x**5/60 + x**4/24 - x**3/3 - x**2. Let p(o) = o**2 + 1. Let u be p(2). Suppose 0 = -4*d - u + 13. Give y(d).
-12
Let p(v) = -v**3 - 6. Let s be 3 - -2*(-6)/4. Give p(s).
-6
Let b(i) = -5*i**2 - 65*i + 4*i**2 + 64*i - i**3. Let p(h) = -h**2 - 5*h - 5. Let z be p(-4). Calculate b(z).
1
Let z = -93 - -93. Let l(w) be the third derivative of z*w**3 - 3*w**2 + 0*w + 7/24*w**4 + 0. Give l(-1).
-7
Let k(o) = -o**3 + 4*o**2 - o + 4. Suppose -4*u + 2*u + 16 = 0. Suppose -3*h + u = -h. Determine k(h).
0
Let g(x) = -4*x**2. Let z = -7 - -12. Suppose 4*s = 0, -4*w - z + 1 = -3*s. What is g(w)?
-4
Let u = 3 - 2. Let i(k) = -7*k**3 + 2*k**2 + 2*k - 3. Let n(w) = w**3 - w + 1. Let r(d) = i(d) + 3*n(d). Determine r(u).
-3
Let l(x) = x**2 - 4*x + 3. Suppose -2*g + 4 = -4. Let u(j) = j**3 - 4*j**2 + 2*j - 5. Let s be u(g). Give l(s).
0
Let i(p) = p + 608 - 608 - 2*p**2. Determine i(1).
-1
Let b(a) = 4*a + 3 - 4 + 3. Let j(x) = 5*x + 3. Let h(n) = 4*b(n) - 3*j(n). Determine h(2).
1
Let g(v) = -v**3 + 3*v**2 - 3*v + 2. Suppose 56*i - 51*i = 15. Calculate g(i).
-7
Let n(k) = -11 + 5*k + 3*k - k**2 + 2*k + k. What is n(8)?
13
Let o(x) = -x - 2. Let z be o(3). Suppose 5*d = -0*g + 2*g, 0 = -3*d - 2*g + 16. Let n(k) = 1 - 1 - 6 - d*k. Give n(z).
4
Let z(w) = -w. Let x(b) = -2*b**3 - 3*b**2 + 6*b - 4. Let g(k) = -x(k) - 6*z(k). Calculate g(-3).
-23
Suppose 2*l - 6*l + 8 = 0. Let h(u) = 3 + 4*u - 3*u - l*u**3 + 3*u**3 - 4*u**2. Calculate h(4).
7
Let x(s) = -3*s. Let l = 41 + -43. What is x(l)?
6
Let h(m) be the first derivative of m**7/840 + m**6/360 + m**5/120 + 2*m**3/3 + 1. Let y(k) be the third derivative of h(k). Let w = 20 - 22. What is y(w)?
-6
Let v(n) = n**2 - n - 4. Let s be 4 + 1 + 0 + 0. Let h = -42 - -72. Suppose h = s*x + 5*d, -4*x + 0*d = -3*d - 3. Give v(x).
2
Let t(b) = b + 3. Let p(l) = l**2 - 5*l - 27. Let d be p(8). What is t(d)?
0
Let n(u) = -u**2 - 4*u + 3. Let j = 5 + -2. What is n(j)?
-18
Let a(w) be the second derivative of w**6/180 + w**5/60 - 7*w**4/12 + 3*w. Let h(l) be the third derivative of a(l). Determine h(-2).
-6
Let i be 4/(-5 - -3) - -22. Suppose -4*v + 3*l - 4*l = -i, -15 = -3*v + 3*l. Let t(q) = -q + 5. Determine t(v).
0
Let f(p) = -11 + p + 0*p - 3*p + 3*p. What is f(5)?
-6
Let o(z) = -2*z + 3. Let h = 37 - 42. Determine o(h).
13
Let b(n) = 5*n - 3*n + n**3 - 5*n - n - 5*n**2 - 3. Suppose -3*r - 5*j = 2, -r + 2*j + 22 = 8. Calculate b(r).
9
Let d(x) = -x**2 + 5*x - 4. Let t be d(3). Suppose -4*b = 2*l + 8, 0 = -4*l + t*b - 0*b + 34. Let r(u) = u**2 - 7*u. What is r(l)?
-6
Let u(g) be the third derivative of g**6/120 + g**5/15 + g**4/8 + g**3/6 + 3*g**2. Suppose -3*k - 18 = -6. Determine u(k).
-11
Let f(t) be the first derivative of -t**2 - 4*t + 1. Suppose -s = -3*s + 8. Let u = 8 - s. Give f(u).
-12
Let i(p) be the third derivative of p**6/120 - p**5/30 + p**4/8 - p**3/3 - 11*p**2. Give i(2).
4
Let g = -4 + -2. Let i(l) = 2*l + 9. What is i(g)?
-3
Let r be -7*(-2)/(-4)*2. Let s be (r - 3)/(-2) + 0. Let f(o) = o - 6. Calculate f(s).
-1
Let r(w) be the third derivative of -w**6/120 + w**5/15 - w**4/24 + w**3/6 + 25*w**2 + 1. Let c be (-2)/(2 + (-4)/3). Let a be 6/9 + (-7)/c. Determine r(a).
7
Let y be ((-4)/5)/(5/(-125)). Suppose 4*t - 4*u + y = 0, 4*t + 7 = t + u. Let w(f) = -2*f + 1. Give w(t).
3
Let g(h) = -h**2 + 7*h + 1. Let q(f) = -2*f**2 + 8*f + 1. Let a(k) = 3*g(k) - 2*q(k). Let x(j) be the first derivative of a(j). Determine x(-4).
-3
Let v be -2 + 2/3*12. Let a be (-18)/v + 6 + 0. Let r(b) = 3*b - 3. Calculate r(a).
6
Let r(u) = -89*u + 7 + 6*u**2 + 81*u + 0 - u**3. Determine r(5).
-8
Let b(p) = 2*p**2 + p - 5. Let j(z) = z**2 + z - 3. Let i(k) = -2*b(k) + 5*j(k). Suppose -4*c + 0*c - 2*d = 16, -5*c + 2*d - 20 = 0. Calculate i(c).
-1
Suppose 3*c = -2*s + 8, 0*c = -3*c - 4*s + 10. Let g(n) be the third d